{"id":16,"date":"2016-03-11T20:38:01","date_gmt":"2016-03-11T18:38:01","guid":{"rendered":"http:\/\/www.e-ksy.org\/?page_id=16"},"modified":"2025-03-30T18:13:44","modified_gmt":"2025-03-30T15:13:44","slug":"ajankohtaista","status":"publish","type":"page","link":"https:\/\/www.e-ksy.org\/?page_id=16","title":{"rendered":"Ajankohtaista"},"content":{"rendered":"<h1>2025<\/h1>\n<h4><strong>Vuosikokous<\/strong><\/h4>\n<p>EKSY ry:n vuosikokous<br \/>\nKe. 16.4.2025\u00a0 klo 17.30<br \/>\nImatran ABC<br \/>\nK\u00e4sitell\u00e4\u00e4n s\u00e4\u00e4nt\u00f6jen m\u00e4\u00e4r\u00e4\u00e4m\u00e4t asiat.<br \/>\nEKSY tarjoaa kahvit.<br \/>\nTervetuloa<\/p>\n<h1>2024<\/h1>\n<h4><strong>Vuosikokous<\/strong><\/h4>\n<p>EKSY ry:n vuosikokous<br \/>\n25.3.2024\u00a0 klo 17.00<br \/>\nABC Viipurinportti Lappeenranta<br \/>\nK\u00e4sitell\u00e4\u00e4n s\u00e4\u00e4nt\u00f6jen m\u00e4\u00e4r\u00e4\u00e4m\u00e4t asiat.<br \/>\nEKSY tarjoaa kahvit.<br \/>\nTervetuloa<\/p>\n<h4><strong>Pikkujoulut<\/strong><\/h4>\n<div class=\"v1elementToProof\">EKSY ry:n pikkujoulut ja hallituksen kokous pidet\u00e4\u00e4n Ravintola Esmirassa (Opintie 6, 53600 Lappeenranta)!<\/div>\n<div class=\"v1elementToProof\">Aika:\u00a0<b>tiistaina 30.1.2024 klo 18.00&#8230;<\/b><\/div>\n<div class=\"v1elementToProof\">P\u00e4iv\u00e4llinen j\u00e4senille ilmainen (yhdistys maksaa)! Av\u00e8ceilta perit\u00e4\u00e4n \u00e1 20,-<br \/>\nRuokajuomat omakustanteisesti.<\/div>\n<div class=\"v1elementToProof\">Sitovat ilmoittautumiset viimeist\u00e4\u00e4n torstaina 25.1.2024 ja maksamalla av\u00e8cin osuus<\/div>\n<div class=\"v1elementToProof\">EKSYn tilille:\u00a0<b>FI89 5620 0920 6413 20<\/b><\/div>\n<div class=\"v1elementToProof\"><b>Ilmoittautumiset s\u00e4hk\u00f6postilla allekirjoittaneelle!<\/b><\/div>\n<div class=\"v1elementToProof\">Joko:\u00a0<a class=\"v1moz-txt-link-abbreviated\" href=\"mailto:forsblomesa@gmail.com\" rel=\"noreferrer\">forsblomesa(at)gmail.com<\/a>\u00a0tai ty\u00f6s\u00e4hk\u00f6postiin!<\/div>\n<div class=\"v1elementToProof\"><\/div>\n<div id=\"v1Signature\">\n<div><a id=\"v1LPlnk178467\" class=\"v1moz-txt-link-freetext\" href=\"https:\/\/ravintolaesmira.fi\/wp-content\/uploads\/2023\/03\/2023-RavintolaEsmira-menu.pdf\" target=\"_blank\" rel=\"noopener noreferrer\">https:\/\/ravintolaesmira.fi\/wp-content\/uploads\/2023\/03\/2023-RavintolaEsmira-menu.pdf<\/a><\/div>\n<div><\/div>\n<div><b><i><u>Katsokaa ruokalista ja ilmoittautumisen yhteydess\u00e4 ilmoittakaa my\u00f6s valittu ruoka!!!<\/u><\/i><\/b><\/div>\n<div><\/div>\n<div><\/div>\n<div><\/div>\n<div>Yst\u00e4v\u00e4llisin Terveisin<\/div>\n<div><\/div>\n<div>Esa Forsblom<\/div>\n<div>Pohjois-Kymen S\u00e4hk\u00f6tarvike Oy<\/div>\n<div>Marjankatu 1<\/div>\n<div>53600 Lappeenranta<\/div>\n<div>050-473 5335<\/div>\n<div>\n<div><a class=\"v1moz-txt-link-abbreviated\" href=\"mailto:esa.forsblom@pkst.fi\" rel=\"noreferrer\">etunimi.sukunimi@pkst.fi<\/a><\/div>\n<div><a href=\"http:\/\/www.pkst.fi\/\" target=\"_blank\" rel=\"noopener noreferrer\">www.pkst.fi<\/a><\/div>\n<\/div>\n<\/div>\n<h1>2019<\/h1>\n<h2>SMSY KES\u00c4P\u00c4IV\u00c4T 2019<\/h2>\n<p>Turun Automaatio kutsuu sinut viett\u00e4m\u00e4\u00e4n kes\u00e4p\u00e4ivi\u00e4 2.-4.8.2019 Tallinnaan.<br \/>\n<a href=\"http:\/\/www.e-ksy.org\/wp-content\/uploads\/2019\/01\/Alustava_Kutsu_kes\u00e4p\u00e4iv\u00e4t_2019.pdf\">Alustava_Kutsu_kes\u00e4p\u00e4iv\u00e4t_2019<\/a><br \/>\n<a href=\"http:\/\/turunautomaatio.nettisivu.org\/kesapaivat-2019\/\">http:\/\/turunautomaatio.nettisivu.org\/kesapaivat-2019\/<\/a><\/p>\n<p>Kes\u00e4p\u00e4iville ilmoittautunut 33 henkil\u00f6\u00e4 EKSYn j\u00e4sent\u00e4 ja avekkia.<\/p>\n<h2>EKSY VUOSIKOKOUS 2019<\/h2>\n<p>EKSY ry:n s\u00e4\u00e4nt\u00f6m\u00e4\u00e4r\u00e4inen vuosikokous tiistaina 19.3.2019 klo 17.30\u2026 Lappeenrannan Upseerikerholla.<br \/>\nTilaisuus on av\u00e8c!<br \/>\nAluksi upseerikerhon esittely, kokous ja ruokailu!<br \/>\n&#8211; Vihre\u00e4 salaattia<br \/>\n&#8211; Talon leip\u00e4\u00e4<br \/>\n&#8211; Riistak\u00e4ristys<br \/>\n&#8211; Perunamuussi<br \/>\n&#8211; Puolukkaa<\/p>\n<p>EKSY maksaa koko tilaisuuden.<br \/>\nTarvitsemme ennakkoilmoittautumiset ruokailua varten perjantaihin 1.3.2019 menness\u00e4 esa.forsblom(at)auser.fi<br \/>\nSamalla ilmoita mahdolliset ruoka-allergiat.<br \/>\nImatralta tulevat ker\u00e4\u00e4v\u00e4t porukan yhteisiin kuljetuksiin \/ omilla autoilla.<\/p>\n<p>TERVETUOA!<\/p>\n<h1><span style=\"color: #000000;\">2018<\/span><\/h1>\n<h2>SMSY KES\u00c4P\u00c4IV\u00c4T 2018<\/h2>\n<p><a href=\"http:\/\/smsymitteli.nettisivu.org\/\" rel=\"home\">SMSY Mitteli ry<\/a>\u00a0j\u00e4rjest\u00e4\u00e4 kes\u00e4p\u00e4iv\u00e4t 10.-12.8.2018 Laukaalla.<\/p>\n<h2>EKSY 30 Vuotta<\/h2>\n<p><a href=\"http:\/\/www.e-ksy.org\/wp-content\/uploads\/2016\/03\/EKSYn-lyhyt-historia1988.docx\">EKSYn lyhyt historia1988<\/a><\/p>\n<p>Onnea 30 -vuotiaan Eksyn j\u00e4senille ja kiitoksia 30- vuosijuhlan juhlavieraille!<\/p>\n<h2>VUOSIKOKOUS 2018<\/h2>\n<p>EKSY ry:n vuosikokous pidettiin torstaina 15.3.2018 Lappeenrannassa klo 17.30 Panimoyhti\u00f6 Tujussa!<br \/>\nMeijerinkatu 4, 53500 Lappeenranta<br \/>\n<a href=\"http:\/\/panimotuju.fi\/\">http:\/\/panimotuju.fi\/<br \/>\n<\/a><\/p>\n<p>Ehk\u00e4 otin.. ehk\u00e4 en, mutta olimme kuitenkin tujussa.<br \/>\nKiitoksia\u00a0Tujulle\u00a0hienosta toiminnan\u00a0ja oluiden esittelyst\u00e4, kiitoksia my\u00f6s vuosikokoukseen osallistuneille.<\/p>\n<h1><span style=\"color: #000000;\">2017<\/span><\/h1>\n<h2><strong>2017 vuosikokous<\/strong><\/h2>\n<p><strong>VUOSIKOKOUSKUTSU<\/strong><\/p>\n<p>EKSY ry:n VUOSIKOKOUS \/ IMATRAN KYLPYL\u00c4<\/p>\n<p><strong>Aika:\u00a0\u00a0\u00a0\u00a0\u00a0\u00a0\u00a0\u00a0\u00a0\u00a0\u00a0 Keskiviikko 8.3.2017<br \/>\n<\/strong><strong>Paikka: \u00a0\u00a0\u00a0\u00a0\u00a0\u00a0 Imatran kylpyl\u00e4, Purjetie 2, 55420 Imatra<\/strong><strong><br \/>\n<\/strong>Klo 17.00\u00a0\u00a0\u00a0 Hallitus kokoontuu<br \/>\nKlo 17.30 \u2013 18.30 Opastettu keilailu<br \/>\n&#8211; Varusteet l\u00f6ytyv\u00e4t talon puolesta<br \/>\nKlo 18.30 Ruokailu<br \/>\n<span style=\"font-size: large;\">Klo 19.00 Vuosikokous <\/span><\/p>\n<p>Ilmoittautumiset vuosikokoukseen tarjoilun, kuljetuksen ja keilaamisen j\u00e4rjest\u00e4miseksi perjantaihin 3.3.2017 menness\u00e4:<\/p>\n<p>Esa Forsblom s\u00e4hk\u00f6postilla tai puhelimella<br \/>\n040 \u2013 738 7338<br \/>\n<strong><u>PS! Yhteiskuljetus Lappeenrannasta j\u00e4rjestet\u00e4\u00e4n Imatralle ja takaisin!<\/u><\/strong><\/p>\n<p><a href=\"http:\/\/www.e-ksy.org\/wp-content\/uploads\/2016\/03\/Vuosikokous_2017_Kylpyl\u00e4_08032017-1.pdf\">Vuosikokous_2017_Kylpyl\u00e4_08032017<\/a><\/p>\n<p><span style=\"color: #339966;\">____________________________________________________________________________<\/span><\/p>\n<h2>SMSY kes\u00e4p\u00e4iv\u00e4t 2017 Oulussa<\/h2>\n<p><a href=\"http:\/\/www.e-ksy.org\/wp-content\/uploads\/2016\/03\/Kes\u00e4p\u00e4iv\u00e4t-2017.pdf\">Kes\u00e4p\u00e4iv\u00e4t 2017<\/a><\/p>\n<p><a href=\"http:\/\/www.e-ksy.org\/wp-content\/uploads\/2016\/03\/SMSY-keilakisakutsu-2017.pdf\">SMSY keilakisakutsu 2017<\/a><\/p>\n<p>EKSY <strong>suunnittelee alustavasti<\/strong> matkaa Ouluun SMSY:n kes\u00e4p\u00e4iville (pe \u2013 su) 4. &#8211; 6.8.2017.<\/p>\n<p><a href=\"http:\/\/www.smsy.fi\/cms\/index.php?id=33,0,0,1,0,0\"><u>http:\/\/www.smsy.fi\/cms\/index.php?id=33,0,0,1,0,0<\/u><\/a><\/p>\n<p>EKSYn hallitus kyselee n\u00e4in reilusti etuajassa mahdollista osallistumistasi (perhetapahtuma) kyseiseen tapahtumaan.<br \/>\nVastaaminen n\u00e4in varhaisessa vaiheessa ei ole viel\u00e4 mitenk\u00e4\u00e4n sitova vaan tarvitsemme alustavan tiedon linja-autoa yms. varten.<br \/>\nIdeana olisi, ett\u00e4 EKSY maksaisi bussikyydin ja jokainen maksaisi kes\u00e4p\u00e4iville osallistumisensa itse.<\/p>\n<p>Lis\u00e4tietoja maaliskuussa 2017 vuosikokouksessa ja kokouksen j\u00e4lkeen!<\/p>\n<p><u>Alustava aikataulu voisi olla seuraava:<br \/>\n<\/u>Perjantai 4.8.2017<br \/>\n08.00\u00a0\u00a0\u00a0\u00a0\u00a0\u00a0\u00a0\u00a0\u00a0\u00a0\u00a0\u00a0\u00a0\u00a0\u00a0\u00a0\u00a0 Lpr:n Matkakeskus<br \/>\n09.00\u00a0\u00a0\u00a0\u00a0\u00a0\u00a0\u00a0\u00a0\u00a0\u00a0\u00a0\u00a0\u00a0\u00a0\u00a0\u00a0\u00a0 Imatra ja Vuoksenniska (Puumalan kautta Juvalle)<br \/>\n12.00\u00a0\u00a0\u00a0\u00a0\u00a0\u00a0\u00a0\u00a0\u00a0\u00a0\u00a0\u00a0\u00a0\u00a0\u00a0\u00a0\u00a0 Kuopio<br \/>\nKuopiossa pidett\u00e4isiin pitempi tauko ja voitaisiin j\u00e4rjest\u00e4\u00e4 yhteinen lounas- \/ keittoruokailu<br \/>\n13.15\u00a0\u00a0\u00a0\u00a0\u00a0\u00a0\u00a0\u00a0\u00a0\u00a0\u00a0\u00a0\u00a0\u00a0\u00a0\u00a0\u00a0 Kuopiosta matka jatkuu (<u>Kuopiosta linja-autoon PITTI ry:n v\u00e4ke\u00e4<\/u>)<br \/>\nLyhyt kahvitauko<br \/>\n17.30\u00a0\u00a0\u00a0\u00a0\u00a0\u00a0\u00a0\u00a0\u00a0\u00a0\u00a0\u00a0\u00a0\u00a0\u00a0\u00a0\u00a0 Oulu \/ Hotelli<\/p>\n<p>Paluumatka sunnuntaina 6.8.2017 kun tilaisuus ohi!<\/p>\n<p>____________________________________________________________________________<\/p>\n<h1>2016<\/h1>\n<p>Vuosikokous pidettiin 9.3.2016.<br \/>\n<a href=\"http:\/\/www.e-ksy.org\/wp-content\/uploads\/2016\/03\/EKSY_VK_2016.doc\">EKSY_VK_2016<br \/>\n<\/a>EKSY j\u00e4rjesti 2016 vuoden SMSY:n kes\u00e4p\u00e4iv\u00e4t Imatran kylpyl\u00e4ss\u00e4. Kiitoksia kaikille kes\u00e4p\u00e4iville osallistuneille.<\/p>\n","protected":false},"excerpt":{"rendered":"<p>2025 Vuosikokous EKSY ry:n vuosikokous Ke. 16.4.2025\u00a0 klo 17.30 Imatran ABC K\u00e4sitell\u00e4\u00e4n s\u00e4\u00e4nt\u00f6jen m\u00e4\u00e4r\u00e4\u00e4m\u00e4t asiat. EKSY tarjoaa kahvit. Tervetuloa 2024 Vuosikokous EKSY ry:n vuosikokous 25.3.2024\u00a0 klo 17.00 ABC Viipurinportti Lappeenranta K\u00e4sitell\u00e4\u00e4n s\u00e4\u00e4nt\u00f6jen m\u00e4\u00e4r\u00e4\u00e4m\u00e4t asiat. EKSY tarjoaa kahvit. Tervetuloa Pikkujoulut EKSY ry:n pikkujoulut ja hallituksen kokous pidet\u00e4\u00e4n Ravintola Esmirassa (Opintie 6, 53600 Lappeenranta)! Aika:\u00a0tiistaina 30.1.2024 klo &hellip; <a href=\"https:\/\/www.e-ksy.org\/?page_id=16\" class=\"more-link\">Jatka artikkeliin <span class=\"screen-reader-text\">Ajankohtaista<\/span><\/a><\/p>\n","protected":false},"author":1,"featured_media":141,"parent":0,"menu_order":0,"comment_status":"closed","ping_status":"closed","template":"","meta":[],"_links":{"self":[{"href":"https:\/\/www.e-ksy.org\/index.php?rest_route=\/wp\/v2\/pages\/16"}],"collection":[{"href":"https:\/\/www.e-ksy.org\/index.php?rest_route=\/wp\/v2\/pages"}],"about":[{"href":"https:\/\/www.e-ksy.org\/index.php?rest_route=\/wp\/v2\/types\/page"}],"author":[{"embeddable":true,"href":"https:\/\/www.e-ksy.org\/index.php?rest_route=\/wp\/v2\/users\/1"}],"replies":[{"embeddable":true,"href":"https:\/\/www.e-ksy.org\/index.php?rest_route=%2Fwp%2Fv2%2Fcomments&post=16"}],"version-history":[{"count":25,"href":"https:\/\/www.e-ksy.org\/index.php?rest_route=\/wp\/v2\/pages\/16\/revisions"}],"predecessor-version":[{"id":386,"href":"https:\/\/www.e-ksy.org\/index.php?rest_route=\/wp\/v2\/pages\/16\/revisions\/386"}],"wp:featuredmedia":[{"embeddable":true,"href":"https:\/\/www.e-ksy.org\/index.php?rest_route=\/wp\/v2\/media\/141"}],"wp:attachment":[{"href":"https:\/\/www.e-ksy.org\/index.php?rest_route=%2Fwp%2Fv2%2Fmedia&parent=16"}],"curies":[{"name":"wp","href":"https:\/\/api.w.org\/{rel}","templated":true}]}}